+ 11 + -73 + (11 - 2).
-48
4 + (-3 - 8) + 2 + (-4 - -3 - -20)
14
(-48 + 9 - (-1 + 1)) + (-32 - -27) + 14
-30
What is the value of (25 - (63 - 19)) + 26?
7
(-11 - -4) + 15 + -16 - (8 + (-61 - -7))
38
What is 16 + -26 + 18 + 38 + -9?
37
Evaluate -8 + (-44 - (-5 - (-4 + -5))) + -135 + 143.
-48
Evaluate -1408 + 1413 - ((-1 - -1) + -69 + -5).
79
What is -20 + -1 - (-62 + 31 - -23)?
-13
What is the value of -1 + 1 + 19 + (-16 - 4) + 2 + -35?
-34
Calculate (-79 - (9 + -19)) + (-5 - -4) - (22 + -7).
-85
Calculate (-6 + -1 + 2 - -6) + 1 + -30.
-28
Calculate 2 + -4 - ((-49 - (-89 - -20)) + 2 + 8).
-32
What is -60 + 72 + -22 - 31?
-41
Calculate -38 + (27 - (65 + -55)).
-21
What is (38 + -19 - 4 - -7) + 13?
35
What is (7 + 2 - 4) + (16 - 38)?
-17
What is -41 - 15 - ((-2 - 6) + -5 - -4)?
-47
Evaluate (-31 + 32 - -158) + 20 - 42.
137
What is 29 + -47 + 55 + -40?
-3
What is the value of 39 + (89 - 31) + -81?
16
Calculate 23 + 20 + -90 - -29.
-18
What is (-44 - -5) + (-37 - -14)?
-62
Calculate -28 + 10 - (5 + -17 + -23 + -35).
52
Evaluate (-8 - (1 - (3 - (-2 - -8)))) + 25.
13
What is -57 - (-36 + 35 - -2)?
-58
Evaluate 1 + 1 - (62 + 52 + (-27 - 0)).
-85
-2 - 13 - -2 - (-101 - (352 + -291))
149
57 + (-1 - (0 - 4)) + 11 + -25 + 18
64
Calculate (28 + 54 - 30) + (-1 - 8).
43
105 - 96 - (-21 - (-2 + (-3 - -1)))
26
What is the value of (-41 - 6) + -141 + 165?
-23
Calculate (190 - 173) + (-36 + 10 - 8).
-17
Calculate 9 - (18 + -9) - -20 - (12 - (12 - 6)).
14
-132 + 53 + 34 + 119
74
Evaluate (-56 + -2 + 10 - (12 + 2 + -10)) + 0.
-52
Calculate (21 - 79) + 1 + (-3 - -2 - -1) - -8.
-49
Evaluate (46 - 8) + (8 - -12 - (13 - 0)).
45
0 + (23 - -16 - 32 - (1 + 1 - -48))
-43
(-2 - 0) + (-91 - 2) + -154 + (-71 - -229)
-91
What is the value of -2 + 6 - 1 - (-84 - -81) - (0 - 3)?
9
What is 69 + 14 + 4 + -46?
41
Evaluate -90 - (-5 - (29 + (-28 - -23))).
-61
1 + 23 + (10 + 6 - (21 - (7 - 8)))
18
Evaluate 2 + -1 + -17 + (45 - -62 - 65).
26
What is 10 + (0 - (3 - -3)) + (-244 - -313)?
73
Evaluate 18 - (88 + -6 + -14 + 0).
-50
Evaluate -63 + (-3 - 1) + (78 - 49).
-38
Calculate -131 + -4 - ((15 - 8) + -28).
-114
Evaluate -179 - (-54 - (-18 + -17 - -26)).
-134
What is -426 + 394 - (8 - (3 - -1) - 0)?
-36
Calculate (-10 + 15 - ((8 - 1) + -1)) + -83 + 30.
-54
What is the value of (94 - (-113 + 228)) + (-1 - 0 - 44)?
-66
-58 + -21 + 26 - -122
69
What is the value of 1 + (1 - 0) + -3 - (-11 - (110 + -39))?
81
-2 + (-62 + 62 - (-35 - 0))
33
What is the value of -405 + 398 - (0 + -13) - 25 - -20?
1
(-8 - (-17 + -17)) + -42 + -52
-68
Evaluate -321 + 235 + 13 + 44.
-29
What is the value of -68 + 53 + 11 + 6?
2
What is the value of 55 + -5 + 176 + -228?
-2
Evaluate -11 + 70 + -61 + (-1 - -14).
11
Evaluate -29 + (32 - 22) - (37 - -7).
-63
What is 98 - (283 + (-218 - -102))?
-69
What is the value of (2 - (47 - 129)) + -45?
39
(-508 + -61 - -573) + (0 - (-1 + 109 - 2))
-102
Calculate -144 - (-2 - (-54 + 124)).
-72
1 - -34 - ((45 - -24) + -47)
13
Calculate -7 + (4 - 9) + 23 + 35.
46
What is the value of 319 + -324 - (3 - (6 + 118))?
116
Evaluate (3 - (0 + -3 + 40)) + (109 - (-29 + 150)).
-46
What is 46 + (1 + 6 - (-56 - -57)) - (-14 - -3)?
63
What is -460 + 560 - (-8 - 1 - (7 - 12))?
104
Calculate 114 + -36 + -27 + -76.
-25
9 + -28 - (-5 + (-15 - -27) + -21)
-5
What is -133 - 3 - 0 - (35 - (-51 + 22 + 63))?
-137
Calculate (-17 - (-31 + 0 + 32)) + 0 + -1.
-19
What is -5 + 0 + -6 + -11 + 61 + 7?
46
Evaluate 0 - (-25 - (12 - (5 - 17))).
49
What is 0 - (-4 + (23 - 11) + -40) - -5?
37
What is (20 - -3) + -182 + 162?
3
What is (47 - 276) + 162 - -45?
-22
(1 - (46 + -20 - 8)) + -14
-31
What is the value of 88 + -103 - (-8 + 9 + -1 + -13)?
-2
33 + -35 + (-3 - (-9 - -3) - (0 + 14))
-13
What is the value of (-52 + 4 - -65) + -57?
-40
Evaluate (7 - 3 - 4 - -2) + 15.
17
-112 + (4 - 33) + 102
-39
What is the value of 21 + 36 + 13 + -69 - 35?
-34
What is -2 + -129 + (-28 - (14 - -4) - -57)?
-120
What is (31 - 18 - 14) + 10 + -38 + 0 - -7?
-22
Evaluate 1 + (9 + -7 - 0) - (82 - (4 - 2)).
-77
Calculate -62 + (-37 - -8) + (33 - 12).
-70
What is the value of 10210 + -10073 - (-1 - -71)?
67
52 + -292 + (145 - -17)
-78
-55 + (-4 + -40 - (-65 - -35))
-69
-7 + 3 + 5 + 4 - (-13 + -41 + 12)
47
What is 0 + -25 + 234 + -210 + 7?
6
Evaluate -19 - (-125 + (-4 + (19 - 19) - -19)).
91
-5 + (-6 - -8) + -10 + 35 + -12
10
Evaluate 1 + (-21 + 4 - -23) + (-37 - 3).
-33
What is the value of -3983 - -3972 - (0 - (17 - (-4 + 5)))?
5
What is 156 - (20 - (23 + -103))?
56
What is -19 + -20 - (12 - (4 + 0) - -2)?
-49
(0 - (3 + 2)) + (47 - (-24 - -17))
49
Calculate 69 - (-72 + 35 - -15).
91
Evaluate -22 + 2 + -1 + 14 + -44 - -11 - -3.
-37
(12 - (4 - 10 - (2 + -17))) + 1 + -89
-85
Evaluate 12 + 14 + -5 + -54 + -10.
-43
What is the value of -15 + (16 - -14) - (0 - 2 - (-6 + 3))?
14
12 - (16 - 9) - (5 + 3 - 4 - 6)
7
-73 - (0 + 67 + 1497 + -1541)
-96
Evaluate -200 + 206 + -1 + -24 + 0.
-19
Calculate (4372 - 4472) + -1 + 61.
-40
Evaluate 999 + -978 + (-1 - (-4 - 0)) + -5.
19
What is 8 + (-40 - -12) - -36?
16
(199 - (-23 - -210)) + (-3 + 84 - 3)
90
13 - (14 + -24 + 13) - (-38 + 3 - 2)
47
(-4 - -59) + (22 + -4 - (113 + -82))
42
Calculate -6 + (-105 - -140) + -1 + (-2 - 3 - -3).
26
Evaluate -62 - (-2 - -3) - (7 - (-2 + 19)).
-53
Calculate 2 - (1 - 31 - 0) - (3005 - 2993).
20
Calculate -3 - (-12 + -4 + 3) - 16.
-6
What is -38 + (-8 - -4) - (-21 + -16)?
-5
Calculate -12 - ((2 - -10 - 18) + (-22 - -5)).
11
What is the value of (-24 - (96 + -94)) + (1 - -74)?
49
Evaluate (50 - 1) + -1782 + 1805.
72
What is 2 + -74 + -273 + 314?
-31
Evaluate 3 + (0 - 10) + -127 + 14 + 76.
-44
29 - (-25 - -61) - 9
-16
What is the value of -78 - (76 - (38 + 50))?
-66
Calculate 232 + (-56 - 22) - (0 - -26).
128
What is the value of 2 + -3 + 67 + -1 + -9 + (-11 - -2)?
47
What is the value of (-74 - -118) + -53 - 3?
-12
What is the value of 6 + (8 - 1 - -3) + -11 - 45?
-40
Evaluate (1 - (-4 - 8)) + 13 - (1 + -4).
29
Evaluate 136 + (53 - (-76 - -200)).
65
Evaluate (-200 - -194) + 0 + 3 - (4 - -2) - 7.
-16
What is the value of 4 - (-7 - (15 - (-16 + 9 + -5)))?
38
What is the value of 8 + -19 + (-2 - -8 - 5 - -6)?
-4
Calculate (-47 - -91) + (5 - 13).
36
Calculate 4 + (-1 - -2) + 5 - (-19 - 11 - -6).
34
Calculate (31 - (2 + -3)) + (-26 - -1 - -12).
19
Evaluate 1 + 15 - (-32 - -31 - -6).
11
What is the value of -2 + 0 - (1 - (-38 + (46 - 11)))?
-6
What is the value of -152 - -155 - (1 + 10) - (10 + 21 + 88)?
-127
Evaluate (5 - (-4 + 8) - 2) + (-39 - -16).
-24
Calculate -11 + 7 + -3 + -14 + 33 + -9.
3
Calculate 5 - (-4 + 53) - (1075 + -992).
-127
What is -12 - (-7 + -7) - (-15 + 25)?
-8
-3 - (-41 - (30 - 35))
33
Calculate -43 + (13 - 15) - -66.
21
What is -39 - (-8 - (91 + -6))?
54
What is (2 + -1 - (-41 - (-28 - 15)) - -8) + -30?
-23
What is (6 + 7 - 23) + 5 + -7 + 73?
61
What is -59 + 2 + 36 + -5?
-26
What is 16 - (41 - (-6 + 19)) - -20?
8
What is -87 - (-59 + 19) - -43?
-4
Calculate -31 + 1 - -10 - (0 - -13).
-33
What is -63 - (1 + -91) - (2 + (4 - 8 - 11))?
40
Evaluate 8 + (144 - (-104 - -163)) + (-7 - (1 - 3)).
88
Evaluate (-8 - (-147 - -44)) + -37 + 20.
78
Evaluate 13 + -2 + 265 + -8 + -225.
43
What is (-2 - 33) + -1666 + 1610?
-91
What is the value of -4 + 1 - (16 - (17 + 21 - -36))?
55
Calculate 7 + -10 + 17 - (72 - -8).
-66
Calculate 8 - (38 + 19) - -15 - -13.
-21
Evaluate -26 + 7 + 10 - -52.
43
1 + -18 + (7563 - 7557)
-11
Calculate 96 + (-27 - -35) + -36 + -1 + (1 - -3).
71
Evaluate 60 - (64 + (-70 - -56)).
10
0 + 77 + 2 - (188 + 39 + -208)
60
What is 11 + (46 - 38 - (-3 + 42)) - -11?
-9
What is the value of 9 - (-13 + -6 + 3 - (-110 - -22))?
-63
Evaluate 67 - (-48 + 112 + 44).
-41
Calculate -31 + -15 + 52 + 44.
50
What is the value of -132 + (-45 + 85 + -19 - (36 + -3))?
-144
Calculate (6 - 23) + (-4 - 2) + 35.
12
What is the value of 12 + (-15 - 26) + (15 - -4) - (-16 - 0)?
6
Evaluate -15 - (9 - ((1 - -12) + 0) - -12).
-23
What is the value of -47 + 5 + (-8 - (-4 + 9 + -15))?
-40
Evaluate 20 + 0 - (0 + (27 - 12)) - -49.
54
What is 26 + -38 - -8 - -21 - 11?
6
What is the value of 43 + (4 - -6) + -16 + 15 + -9?
43
What is 125 + -209 - (42 - 34)?
-92
Evaluate 93 - (61 + -16 - 32).
80
What is 30 + (5 - (3 + 1) - -1) + -13?
19
What is the value of 0 - (38 - (44 - -38))?